{"id":1159,"date":"2023-08-23T16:03:52","date_gmt":"2023-08-23T16:03:52","guid":{"rendered":"https:\/\/rama-ayana.ru\/?page_id=1159"},"modified":"2023-09-16T12:35:23","modified_gmt":"2023-09-16T12:35:23","slug":"04-ki%e1%b9%a3kindhaka%e1%b9%87%e1%b8%8da-%e0%a4%b8%e0%a4%b0%e0%a5%8d%e0%a4%97%e0%a4%83-%e0%a5%a9%e0%a5%a9","status":"publish","type":"page","link":"https:\/\/rama-ayana.ru\/?page_id=1159","title":{"rendered":"04-Ki\u1e63kindh\u0101k\u0101\u1e47\u1e0da-\u0938\u0930\u094d\u0917\u0903 \u0969\u0969"},"content":{"rendered":"\n<p>\u0965 \u0935\u093e\u0932\u094d\u092e\u0940\u0915\u093f \u0930\u093e\u092e\u093e\u092f\u0923 \u2013 \u0915\u093f\u0937\u094d\u0915\u093f\u0928\u094d\u0927\u093e\u0915\u093e\u0923\u094d\u0921 \u0965<br>\u0965 v\u0101lm\u012bki r\u0101m\u0101ya\u1e47a \u2013 ki\u1e63kindh\u0101k\u0101\u1e47\u1e0da \u0965<\/p>\n\n\n\n<p>\u0965 \u0938\u0930\u094d\u0917-\u0969\u0969\u0965<br>\u0965 sarga-33\u0965<\/p>\n\n\n\n<p>\u041f\u0435\u0440\u0435\u0432\u043e\u0434 \u0441 \u0441\u0430\u043d\u0441\u043a\u0440\u0438\u0442\u0430: \u0410\u043d\u043d\u0430 \u0423\u0441\u0442\u044e\u0433\u043e\u0432\u0430<\/p>\n\n\n\n<p>\u0924\u092e\u092a\u094d\u0930\u0924\u093f\u0939\u0924\u0902 \u0915\u094d\u0930\u0941\u0926\u094d\u0927\u0902 \u092a\u094d\u0930\u0935\u093f\u0937\u094d\u091f\u0902 \u092a\u0941\u0930\u0941\u0937\u0930\u094d\u0937\u092d\u092e\u094d \u0964<br>\u0938\u0941\u0917\u094d\u0930\u0940\u0935\u094b \u0932\u0915\u094d\u0937\u094d\u092e\u0923\u0902 \u0926\u0943\u0937\u094d\u091f\u094d\u0935\u093e \u092c\u092d\u0942\u0935 \u0935\u094d\u092f\u0925\u093f\u0924\u0947\u0928\u094d\u0926\u094d\u0930\u093f\u092f\u0903 \u0965\u0967\u0965<br>tamapratihata\u1e43 kruddha\u1e43 pravi\u1e63\u1e6da\u1e43 puru\u1e63ar\u1e63abham<br>sugr\u012bvo lak\u1e63ma\u1e47a\u1e43 d\u1e5b\u1e63\u1e6dv\u0101 babh\u016bva vyathitendriya\u1e25<br>\u0423\u0432\u0438\u0434\u0435\u0432 \u0442\u043e\u0433\u043e \u043d\u0435 \u0437\u0430\u0434\u0435\u0440\u0436\u0430\u043d\u043d\u043e\u0433\u043e, \u0433\u043d\u0435\u0432\u043d\u043e\u0433\u043e, \u0432\u043e\u0448\u0435\u0434\u0448\u0435\u0433\u043e, \u0431\u044b\u043a\u0430 \u0441\u0440\u0435\u0434\u0438 \u043b\u044e\u0434\u0435\u0439 \u041b\u0430\u043a\u0448\u043c\u0430\u043d\u0443, \u0421\u0443\u0433\u0440\u0438\u0432\u0430\u00a0 \u043f\u0440\u0438\u0448\u0451\u043b \u0432 \u0432\u043e\u043b\u043d\u0435\u043d\u0438\u0435.<\/p>\n\n\n\n<p>\u0915\u094d\u0930\u0941\u0926\u094d\u0927\u0902 \u0928\u093f\u0903\u0936\u094d\u0935\u0938\u092e\u093e\u0928\u0902 \u0924\u0902 \u092a\u094d\u0930\u0926\u0940\u092a\u094d\u0924\u092e\u093f\u0935 \u0924\u0947\u091c\u0938\u093e \u0964<br>\u092d\u094d\u0930\u093e\u0924\u0941\u0930\u094d\u0935\u094d\u092f\u0938\u0928\u0938\u0928\u094d\u0924\u092a\u094d\u0924\u0902 \u0926\u0943\u0937\u094d\u091f\u094d\u0935\u093e \u0926\u0936\u0930\u0925\u093e\u0924\u094d\u092e\u091c\u092e\u094d \u0965\u0968\u0965<br>kruddha\u1e43 ni\u1e25\u015bvasam\u0101na\u1e43 ta\u1e43 prad\u012bptamiva tejas\u0101<br>bhr\u0101turvyasanasantapta\u1e43 d\u1e5b\u1e63\u1e6dv\u0101 da\u015barath\u0101tmajam<br>\u0423\u0432\u0438\u0434\u0435\u0432 \u0435\u0433\u043e, \u0440\u043e\u0434\u043d\u043e\u0433\u043e \u0441\u044b\u043d\u0430 \u0414\u0430\u0448\u0430\u0440\u0430\u0442\u0445\u0438, \u0440\u0430\u0437\u0433\u043d\u0435\u0432\u0430\u043d\u043d\u043e\u0433\u043e, \u0442\u044f\u0436\u0435\u043b\u043e \u0434\u044b\u0448\u0430\u0449\u0435\u0433\u043e, \u0441\u043b\u043e\u0432\u043d\u043e \u043f\u044b\u043b\u0430\u044e\u0449\u0435\u0433\u043e \u043e\u0433\u043d\u0451\u043c, \u043c\u0443\u0447\u0438\u043c\u043e\u0433\u043e \u043d\u0435\u0441\u0447\u0430\u0441\u0442\u044c\u0435\u043c \u0431\u0440\u0430\u0442\u0430,<\/p>\n\n\n\n<p>\u0909\u0924\u094d\u092a\u092a\u093e\u0924 \u0939\u0930\u093f\u0936\u094d\u0930\u0947\u0937\u094d\u0920\u094b \u0939\u093f\u0924\u094d\u0935\u093e \u0938\u094c\u0935\u0930\u094d\u0923\u092e\u093e\u0938\u0928\u092e\u094d \u0964<br>\u092e\u0939\u093e\u0928\u094d\u092e\u0939\u0947\u0928\u094d\u0926\u094d\u0930\u0938\u094d\u092f \u092f\u0925\u093e \u0938\u094d\u0935\u0932\u0919\u094d\u0915\u0943\u0924 \u0907\u0935 \u0927\u094d\u0935\u091c\u0903 \u0965\u0969\u0965<br>utpap\u0101ta hari\u015bre\u1e63\u1e6dho hitv\u0101 sauvar\u1e47am\u0101sanam<br>mah\u0101nmahendrasya yath\u0101 svala\u1e45k\u1e5bta iva dhvaja\u1e25<br>\u041f\u043e\u0434\u043d\u044f\u043b\u0441\u044f \u043b\u0443\u0447\u0448\u0438\u0439 \u0438\u0437 \u043e\u0431\u0435\u0437\u044c\u044f\u043d, \u043f\u043e\u043a\u0438\u043d\u0443\u0432 \u0437\u043e\u043b\u043e\u0442\u043e\u0435 \u0441\u0438\u0434\u0435\u043d\u044c\u0435, \u043a\u0430\u043a \u0431\u043e\u043b\u044c\u0448\u043e\u0439 \u0444\u043b\u0430\u0433 \u0418\u043d\u0434\u0440\u044b, \u043a\u0440\u0430\u0441\u0438\u0432\u043e \u0443\u043a\u0440\u0430\u0448\u0435\u043d\u043d\u044b\u0439.<\/p>\n\n\n\n<p>\u0909\u0924\u094d\u092a\u0924\u0928\u094d\u0924\u092e\u0928\u0942\u0924\u094d\u092a\u0947\u0924\u0942 \u0930\u0941\u092e\u093e\u092a\u094d\u0930\u092d\u0943\u0924\u092f\u0903 \u0938\u094d\u0924\u094d\u0930\u093f\u092f\u0903 \u0964<br>\u0938\u0941\u0917\u094d\u0930\u0940\u0935\u0902 \u0917\u0917\u0928\u0947 \u092a\u0942\u0930\u094d\u0923\u0902 \u091a\u0928\u094d\u0926\u094d\u0930\u0902 \u0924\u093e\u0930\u093e\u0917\u0923\u093e \u0907\u0935 \u0965\u096a\u0965<br>utpatantaman\u016btpet\u016b rum\u0101prabh\u1e5btaya\u1e25 striya\u1e25<br>sugr\u012bva\u1e43 gagane p\u016br\u1e47a\u1e43 candra\u1e43 t\u0101r\u0101ga\u1e47\u0101 iva<br>\u0412\u0441\u043b\u0435\u0434 \u0437\u0430 \u043f\u043e\u0434\u043d\u0438\u043c\u0430\u044e\u0449\u0438\u043c\u0441\u044f \u0421\u0443\u0433\u0440\u0438\u0432\u043e\u0439 \u043f\u043e\u0434\u043d\u044f\u043b\u0438\u0441\u044c \u0420\u0443\u043c\u0430 \u0438 \u0434\u0440\u0443\u0433\u0438\u0435 \u0436\u0435\u043d\u0449\u0438\u043d\u044b, \u043a\u0430\u043a \u0441\u043a\u043e\u043f\u043b\u0435\u043d\u0438\u0435 \u0437\u0432\u0435\u0437\u0434 \u0432\u0441\u043b\u0435\u0434 \u0437\u0430 \u043f\u043e\u043b\u043d\u043e\u0439 \u041b\u0443\u043d\u043e\u0439 \u0432 \u043d\u0435\u0431\u0435.<\/p>\n\n\n\n<p>\u0938\u0902\u0930\u0915\u094d\u0924\u0928\u092f\u0928\u0903 \u0936\u094d\u0930\u0940\u092e\u093e\u0928\u094d\u0935\u093f\u091a\u091a\u093e\u0932 \u0915\u0943\u0924\u093e\u091e\u094d\u091c\u0932\u093f\u0903 \u0964<br>\u092c\u092d\u0942\u0935\u093e\u0935\u0938\u094d\u0925\u093f\u0924\u0938\u094d\u0924\u0924\u094d\u0930 \u0915\u0932\u094d\u092a\u0935\u0943\u0915\u094d\u0937\u094b \u092e\u0939\u093e\u0928\u093f\u0935 \u0965\u096b\u0965<br>sa\u1e43raktanayana\u1e25 \u015br\u012bm\u0101nvicac\u0101la k\u1e5bt\u0101\u00f1jali\u1e25<br>babh\u016bv\u0101vasthitastatra kalpav\u1e5bk\u1e63o mah\u0101niva<br>\u0421 \u043f\u043e\u043a\u0440\u0430\u0441\u043d\u0435\u0432\u0448\u0438\u043c\u0438 \u0433\u043b\u0430\u0437\u0430\u043c\u0438 \u0433\u043e\u0441\u043f\u043e\u0434\u0438\u043d \u0434\u0432\u0438\u043d\u0443\u043b\u0441\u044f \u0441 \u043f\u043e\u0447\u0442\u0438\u0442\u0435\u043b\u044c\u043d\u043e \u0441\u043b\u043e\u0436\u0435\u043d\u043d\u044b\u043c\u0438 \u043b\u0430\u0434\u043e\u043d\u044f\u043c\u0438, \u0437\u0430\u043c\u0435\u0440 \u0442\u0430\u043c, \u0441\u043b\u043e\u0432\u043d\u043e \u0431\u043e\u043b\u044c\u0448\u0430\u044f \u043a\u0430\u043b\u044c\u043f\u0430\u0432\u0440\u0438\u043a\u0448\u0430 (\u0434\u0435\u0440\u0435\u0432\u043e, \u0434\u0430\u0440\u0443\u044e\u0449\u0435\u0435 \u043b\u044e\u0431\u044b\u0435 \u0431\u043b\u0430\u0433\u0430).<\/p>\n\n\n\n<p>\u0930\u0941\u092e\u093e \u0926\u094d\u0935\u093f\u0924\u0940\u092f\u0902 \u0938\u0941\u0917\u094d\u0930\u0940\u0935\u0902 \u0928\u093e\u0930\u0940\u092e\u0927\u094d\u092f\u0917\u0924\u0902 \u0938\u094d\u0925\u093f\u0924\u092e\u094d \u0964<br>\u0905\u092c\u094d\u0930\u0935\u0940\u0932\u094d\u0932\u0915\u094d\u0937\u094d\u092e\u0923\u0903 \u0915\u094d\u0930\u0941\u0926\u094d\u0927\u0903 \u0938\u0924\u093e\u0930\u0902 \u0936\u0936\u093f\u0928\u0902 \u092f\u0925\u093e \u0965\u096c\u0965<br>rum\u0101 dvit\u012bya\u1e43 sugr\u012bva\u1e43 n\u0101r\u012bmadhyagata\u1e43 sthitam<br>abrav\u012bllak\u1e63ma\u1e47a\u1e25 kruddha\u1e25 sat\u0101ra\u1e43 \u015ba\u015bina\u1e43 yath\u0101<br>\u0421\u043e\u043f\u0440\u043e\u0432\u043e\u0436\u0434\u0430\u0435\u043c\u043e\u043c\u0443 \u0420\u0443\u043c\u043e\u0439 \u0421\u0443\u0433\u0440\u0438\u0432\u0435, \u043d\u0430\u0445\u043e\u0434\u044f\u0449\u0435\u043c\u0443\u0441\u044f \u043c\u0435\u0436\u0434\u0443 \u0436\u0435\u043d\u0449\u0438\u043d, \u043a\u0430\u043a \u041b\u0443\u043d\u0430 \u0441\u0440\u0435\u0434\u0438 \u0437\u0432\u0435\u0437\u0434, \u0441\u043a\u0430\u0437\u0430\u043b \u0440\u0430\u0437\u0433\u043d\u0435\u0432\u0430\u043d\u043d\u044b\u0439 \u041b\u0430\u043a\u0448\u043c\u0430\u043d\u0430.<\/p>\n\n\n\n<p>\u0938\u0924\u094d\u0924\u094d\u0935\u093e\u092d\u093f\u091c\u0928\u0938\u092e\u094d\u092a\u0928\u094d\u0928\u0903 \u0938\u093e\u0928\u0941\u0915\u094d\u0930\u094b\u0936\u094b \u091c\u093f\u0924\u0947\u0928\u094d\u0926\u094d\u0930\u093f\u092f\u0903 \u0964<br>\u0915\u0943\u0924\u091c\u094d\u091e\u0903 \u0938\u0924\u094d\u092f\u0935\u093e\u0926\u0940 \u091a \u0930\u093e\u091c\u093e \u0932\u094b\u0915\u0947 \u092e\u0939\u0940\u092f\u0924\u0947 \u0965\u096d\u0965<br>sattv\u0101bhijanasampanna\u1e25 s\u0101nukro\u015bo jitendriya\u1e25 \u0964<br>k\u1e5btaj\u00f1a\u1e25 satyav\u0101d\u012b ca r\u0101j\u0101 loke mah\u012byate<br>\u201c\u041d\u0430\u0434\u0435\u043b\u0451\u043d\u043d\u044b\u0439 \u0447\u0438\u0441\u0442\u044b\u043c \u043f\u0440\u043e\u0438\u0441\u0445\u043e\u0436\u0434\u0435\u043d\u0438\u0435\u043c, \u043f\u043e\u043b\u043d\u044b\u0439 \u0441\u043e\u0441\u0442\u0440\u0430\u0434\u0430\u043d\u0438\u044f, \u043f\u043e\u0431\u0435\u0434\u0438\u0432\u0448\u0438\u0439 \u0447\u0443\u0432\u0441\u0442\u0432\u0430. \u0431\u043b\u0430\u0433\u043e\u0434\u0430\u0440\u043d\u044b\u0439 \u0438 \u043f\u0440\u0430\u0432\u0434\u0438\u0432\u044b\u0439 \u0446\u0430\u0440\u044c \u0432 \u043c\u0438\u0440\u0435 \u043f\u0440\u0435\u0443\u0441\u043f\u0435\u0432\u0430\u0435\u0442.<\/p>\n\n\n\n<p>\u092f\u0938\u094d\u0924\u0941 \u0930\u093e\u091c\u093e \u0938\u094d\u0925\u093f\u0924\u094b\u093d\u0927\u0930\u094d\u092e\u0947 \u092e\u093f\u0924\u094d\u0930\u093e\u0923\u093e\u092e\u0941\u092a\u0915\u093e\u0930\u093f\u0923\u093e\u092e\u094d \u0964<br>\u092e\u093f\u0925\u094d\u092f\u093e \u092a\u094d\u0930\u0924\u093f\u091c\u094d\u091e\u093e\u0902 \u0915\u0941\u0930\u0941\u0924\u0947 \u0915\u094b \u0928\u0943\u0936\u0902\u0938\u0924\u0930\u0938\u094d\u0924\u0924\u0903 \u0965\u096e\u0965<br>yastu r\u0101j\u0101 sthito&#8217;dharme mitr\u0101\u1e47\u0101mupak\u0101ri\u1e47\u0101m<br>mithy\u0101 pratij\u00f1\u0101\u1e43 kurute ko n\u1e5b\u015ba\u1e43satarastata\u1e25<br>\u041a\u043e\u0442\u043e\u0440\u044b\u0439 \u0436\u0435 \u0446\u0430\u0440\u044c, \u043d\u0430\u0445\u043e\u0434\u044f\u0449\u0438\u0439\u0441\u044f \u0432 \u0431\u0435\u0437\u0437\u0430\u043a\u043e\u043d\u0438\u0438, \u0441\u0440\u0435\u0434\u0438 \u043f\u043e\u043c\u043e\u0433\u0448\u0438\u0445 \u0434\u0440\u0443\u0437\u0435\u0439, \u043e\u0431\u0435\u0449\u0430\u043d\u0438\u0435 \u0434\u0435\u043b\u0430\u0435\u0442 \u043b\u043e\u0436\u043d\u044b\u043c. \u041a\u0442\u043e \u043d\u0435\u0447\u0435\u0441\u0442\u0438\u0432\u0435 \u0435\u0433\u043e?<\/p>\n\n\n\n<p>\u0936\u0924\u092e\u0936\u094d\u0935\u093e\u0928\u0943\u0924\u0947 \u0939\u0928\u094d\u0924\u093f \u0938\u0939\u0938\u094d\u0930\u0902 \u0924\u0941 \u0917\u0935\u093e\u0928\u0943\u0924\u0947 \u0964<br>\u0906\u0924\u094d\u092e\u093e\u0928\u0902 \u0938\u094d\u0935\u091c\u0928\u0902 \u0939\u0928\u094d\u0924\u093f \u092a\u0941\u0930\u0941\u0937\u0903 \u092a\u0941\u0930\u0941\u0937\u093e\u0928\u0943\u0924\u0947 \u0965\u096f\u0965<br>\u015batama\u015bv\u0101n\u1e5bte hanti sahasra\u1e43 tu gav\u0101n\u1e5bte<br>\u0101tm\u0101na\u1e43 svajana\u1e43 hanti puru\u1e63a\u1e25 puru\u1e63\u0101n\u1e5bte<br>\u041f\u0440\u0438 \u043b\u0436\u0438 \u043e \u043a\u043e\u043d\u0435 \u0443\u0431\u0438\u0432\u0430\u0435\u0442 \u0441\u043e\u0442\u043d\u044e, \u043f\u0440\u0438 \u043b\u0436\u0438 \u0436\u0435 \u043e \u043a\u043e\u0440\u043e\u0432\u0435 &#8211; \u0442\u044b\u0441\u044f\u0447\u0443, \u043f\u0440\u0438 \u043b\u0436\u0438 \u043e \u043b\u044e\u0434\u044f\u0445 \u0447\u0435\u043b\u043e\u0432\u0435\u043a \u0443\u0431\u0438\u0432\u0430\u0435\u0442 \u0441\u0435\u0431\u044f, \u0441\u0432\u043e\u0439 \u043d\u0430\u0440\u043e\u0434.<\/p>\n\n\n\n<p>\u092a\u0942\u0930\u094d\u0935\u0902 \u0915\u0943\u0924\u093e\u0930\u094d\u0925\u094b \u092e\u093f\u0924\u094d\u0930\u093e\u0923\u093e\u0902 \u0928 \u0924\u0924\u094d\u092a\u094d\u0930\u0924\u093f\u0915\u0930\u094b\u0924\u093f \u092f\u0903 \u0964<br>\u0915\u0943\u0924\u0918\u094d\u0928\u0903 \u0938\u0930\u094d\u0935\u092d\u0942\u0924\u093e\u0928\u093e\u0902 \u0938 \u0935\u0927\u094d\u092f\u0903 \u092a\u094d\u0932\u0935\u0917\u0947\u0936\u094d\u0935\u0930 \u0965\u0967\u0966\u0965<br>p\u016brva\u1e43 k\u1e5bt\u0101rtho mitr\u0101\u1e47\u0101\u1e43 na tatpratikaroti ya\u1e25 \u0964<br>k\u1e5btaghna\u1e25 sarvabh\u016bt\u0101n\u0101\u1e43 sa vadhya\u1e25 plavage\u015bvara<br>\u0421\u043d\u0430\u0447\u0430\u043b\u0430 \u043a\u0442\u043e, \u0434\u043e\u0431\u0438\u0432\u0448\u0438\u0439\u0441\u044f \u0446\u0435\u043b\u0438, \u0434\u0440\u0443\u0437\u044c\u044f\u043c \u0442\u043e \u043d\u0435 \u043e\u043f\u043b\u0430\u0447\u0438\u0432\u0430\u0435\u0442, \u0442\u043e\u0442 \u043d\u0435\u0431\u043b\u0430\u0433\u043e\u0434\u0430\u0440\u043d\u044b\u0439 \u0434\u043e\u043b\u0436\u0435\u043d \u0431\u044b\u0442\u044c \u0443\u0431\u0438\u0442 \u043b\u044e\u0431\u044b\u043c \u0436\u0438\u0432\u044b\u043c \u0441\u0443\u0449\u0435\u0441\u0442\u0432\u043e\u043c, \u043e \u041f\u043e\u0432\u0435\u043b\u0438\u0442\u0435\u043b\u044c \u043e\u0431\u0435\u0437\u044c\u044f\u043d.<\/p>\n\n\n\n<p>\u0917\u0940\u0924\u094b\u093d\u092f\u0902 \u092c\u094d\u0930\u0939\u094d\u092e\u0923\u093e \u0936\u094d\u0932\u094b\u0915\u0903 \u0938\u0930\u094d\u0935\u0932\u094b\u0915\u0928\u092e\u0938\u094d\u0915\u0943\u0924\u0903 \u0964<br>\u0926\u0943\u0937\u094d\u091f\u094d\u0935\u093e \u0915\u0943\u0924\u0918\u094d\u0928\u0902 \u0915\u094d\u0930\u0941\u0926\u094d\u0927\u0947\u0928 \u0924\u0902 \u0928\u093f\u092c\u094b\u0927 \u092a\u094d\u0932\u0935\u0919\u094d\u0917\u092e \u0965\u0967\u0967\u0965<br>g\u012bto&#8217;ya\u1e43 brahma\u1e47\u0101 \u015bloka\u1e25 sarvalokanamask\u1e5bta\u1e25 \u0964<br>d\u1e5b\u1e63\u1e6dv\u0101 k\u1e5btaghna\u1e43 kruddhena ta\u1e43 nibodha plava\u1e45gama<br>\u041f\u0440\u043e\u043f\u0435\u0442 \u044d\u0442\u043e\u0442 \u0441\u0442\u0438\u0445, \u0432\u0441\u0435\u043c\u0438 \u043c\u0438\u0440\u0430\u043c\u0438 \u043f\u043e\u0447\u0438\u0442\u0430\u0435\u043c\u044b\u0439, \u0431\u0440\u0430\u0445\u043c\u0430\u043d\u043e\u043c \u0433\u043d\u0435\u0432\u043d\u044b\u043c, \u0443\u0432\u0438\u0434\u0435\u0432 \u043d\u0435\u0431\u043b\u0430\u0433\u043e\u0434\u0430\u0440\u043d\u043e\u0433\u043e. \u041e\u0431\u0440\u0430\u0442\u0438 \u043d\u0430 \u043d\u0435\u0433\u043e \u0432\u043d\u0438\u043c\u0430\u043d\u0438\u0435, \u043e \u043e\u0431\u0435\u0437\u044c\u044f\u043d\u0430.<\/p>\n\n\n\n<p>\u092c\u094d\u0930\u0939\u094d\u092e\u0918\u094d\u0928\u0947 \u091a \u0938\u0941\u0930\u093e\u092a\u0947 \u091a \u091a\u094b\u0930\u0947 \u092d\u0917\u094d\u0928\u0935\u094d\u0930\u0924\u0947 \u0924\u0925\u093e \u0964<br>\u0928\u093f\u0937\u094d\u0915\u0943\u0924\u093f\u0930\u094d\u0935\u093f\u0939\u093f\u0924\u093e \u0938\u0926\u094d\u092d\u093f\u0903 \u0915\u0943\u0924\u0918\u094d\u0928\u0947 \u0928\u093e\u0938\u094d\u0924\u093f \u0928\u093f\u0937\u094d\u0915\u0943\u0924\u093f\u0903 \u0965\u0967\u0968\u0965<br>brahmaghne ca sur\u0101pe ca core bhagnavrate tath\u0101<br>ni\u1e63k\u1e5btirvihit\u0101 sadbhi\u1e25 k\u1e5btaghne n\u0101sti ni\u1e63k\u1e5bti\u1e25<br>\u0418 \u0443\u0431\u0438\u0439\u0446\u0435 \u0431\u0440\u0430\u0445\u043c\u0430\u043d\u0430, \u0438 \u0432 \u043f\u044c\u044f\u043d\u0438\u0446\u0435, \u0432 \u0432\u043e\u0440\u0435, \u0432 \u043d\u0430\u0440\u0443\u0448\u0438\u0432\u0448\u0435\u043c \u043e\u0431\u0435\u0442 \u0431\u043b\u0430\u0433\u0438\u043c\u0438 \u0443\u0441\u0442\u0430\u043d\u043e\u0432\u043b\u0435\u043d\u043e \u0438\u0441\u043a\u0443\u043f\u043b\u0435\u043d\u0438\u0435, \u0434\u043b\u044f \u043d\u0435\u0431\u043b\u0430\u0433\u043e\u0434\u0430\u0440\u043d\u043e\u0433\u043e \u043d\u0435\u0442 \u0438\u0441\u043a\u0443\u043f\u043b\u0435\u043d\u0438\u044f.<\/p>\n\n\n\n<p>\u0905\u0928\u093e\u0930\u094d\u092f\u0938\u094d\u0924\u094d\u0935\u0902 \u0915\u0943\u0924\u0918\u094d\u0928\u0936\u094d\u091a \u092e\u093f\u0925\u094d\u092f\u093e\u0935\u093e\u0926\u0940 \u091a \u0935\u093e\u0928\u0930 \u0964<br>\u092a\u0942\u0930\u094d\u0935\u0902 \u0915\u0943\u0924\u093e\u0930\u094d\u0925\u094b \u0930\u093e\u092e\u0938\u094d\u092f \u0928 \u0924\u0924\u094d\u092a\u094d\u0930\u0924\u093f\u0915\u0930\u094b\u0937\u093f \u092f\u0924\u094d \u0965\u0967\u0969\u0965<br>an\u0101ryastva\u1e43 k\u1e5btaghna\u015bca mithy\u0101v\u0101d\u012b ca v\u0101nara<br>p\u016brva\u1e43 k\u1e5bt\u0101rtho r\u0101masya na tatpratikaro\u1e63i yat<br>\u0422\u044b \u043d\u0435 \u0431\u043b\u0430\u0433\u043e\u0440\u043e\u0434\u043d\u044b\u0439 \u0438 \u043d\u0435\u0431\u043b\u0430\u0433\u043e\u0434\u0430\u0440\u043d\u044b\u0439, \u0438 \u043b\u0436\u0438\u0432\u044b\u0439, \u043e \u043e\u0431\u0435\u0437\u044c\u044f\u043d\u0430, \u0441\u043d\u0430\u0447\u0430\u043b\u0430 \u0434\u043e\u0441\u0442\u0438\u0433\u0448\u0438\u0439 \u0446\u0435\u043b\u0438 \u0441 \u043f\u043e\u043c\u043e\u0449\u044c\u044e \u0420\u0430\u043c\u044b, \u043d\u0435 \u043e\u043f\u043b\u0430\u0447\u0438\u0432\u0430\u0435\u0448\u044c \u0442\u043e.<\/p>\n\n\n\n<p>\u0928\u0928\u0941 \u0928\u093e\u092e \u0915\u0943\u0924\u093e\u0930\u094d\u0925\u0947\u0928 \u0924\u094d\u0935\u092f\u093e \u0930\u093e\u092e\u0938\u094d\u092f \u0935\u093e\u0928\u0930 \u0964<br>\u0938\u0940\u0924\u093e\u092f\u093e \u092e\u093e\u0930\u094d\u0917\u0923\u0947 \u092f\u0924\u094d\u0928\u0903 \u0915\u0930\u094d\u0924\u0935\u094d\u092f\u0903 \u0915\u0943\u0924\u092e\u093f\u091a\u094d\u091b\u0924\u093e \u0965\u0967\u096a\u0965<br>nanu n\u0101ma k\u1e5bt\u0101rthena tvay\u0101 r\u0101masya v\u0101nara<br>s\u012bt\u0101y\u0101 m\u0101rga\u1e47e yatna\u1e25 kartavya\u1e25 k\u1e5btamicchat\u0101<br>\u0414\u0435\u0439\u0441\u0442\u0432\u0438\u0442\u0435\u043b\u044c\u043d\u043e \u0436\u0435, \u043d\u0430\u0437\u044b\u0432\u0430\u0435\u0442\u0441\u044f \u0434\u043e\u0441\u0442\u0438\u0433\u0448\u0438\u043c \u0446\u0435\u043b\u0438 \u0431\u043b\u0430\u0433\u043e\u0434\u0430\u0440\u044f \u0420\u0430\u043c\u0435, \u043e \u043e\u0431\u0435\u0437\u044c\u044f\u043d\u0430, \u0432 \u043f\u043e\u0438\u0441\u043a\u0435 \u0421\u0438\u0442\u044b \u0442\u043e\u0431\u043e\u0439, \u0436\u0435\u043b\u0430\u044e\u0449\u0438\u043c \u0441\u0434\u0435\u043b\u0430\u043d\u043d\u043e\u0433\u043e, \u0434\u043e\u043b\u0436\u043d\u043e \u0431\u044b\u0442\u044c \u0441\u0434\u0435\u043b\u0430\u043d\u043e \u0443\u0441\u0438\u043b\u0438\u0435.<\/p>\n\n\n\n<p>\u0938 \u0924\u094d\u0935\u0902 \u0917\u094d\u0930\u093e\u092e\u094d\u092f\u0947\u0937\u0941 \u092d\u094b\u0917\u0947\u0937\u0941 \u0938\u0915\u094d\u0924\u094b \u092e\u093f\u0925\u094d\u092f\u093e\u092a\u094d\u0930\u0924\u093f\u0936\u094d\u0930\u0935\u0903 \u0964<br>\u0928 \u0924\u094d\u0935\u093e\u0902 \u0930\u093e\u092e\u094b \u0935\u093f\u091c\u093e\u0928\u0940\u0924\u0947 \u0938\u0930\u094d\u092a\u0902 \u092e\u0923\u094d\u0921\u0942\u0915\u0930\u093e\u0935\u093f\u0923\u092e\u094d \u0965\u0967\u096b\u0965<br>sa tva\u1e43 gr\u0101mye\u1e63u bhoge\u1e63u sakto mithy\u0101prati\u015brava\u1e25<br>na tv\u0101\u1e43 r\u0101mo vij\u0101n\u012bte sarpa\u1e43 ma\u1e47\u1e0d\u016bkar\u0101vi\u1e47am<br>\u0422\u044b \u0442\u043e\u0442, \u043a \u0434\u0435\u0440\u0435\u0432\u0435\u043d\u0441\u043a\u0438\u043c \u0443\u0434\u043e\u0432\u043e\u043b\u044c\u0441\u0442\u0432\u0438\u0435\u043c \u043f\u0440\u0438\u0432\u044f\u0437\u0430\u043d\u043d\u044b\u0439, \u043b\u043e\u0436\u043d\u043e \u043e\u0431\u0435\u0449\u0430\u044e\u0449\u0438\u0439, \u0442\u0435\u0431\u044f \u0420\u0430\u043c\u0430 \u043d\u0435 \u0440\u0430\u0441\u043f\u043e\u0437\u043d\u0430\u0451\u0442, \u0437\u043c\u0435\u044e \u043a\u0440\u0438\u0447\u0430\u0449\u0443\u044e, \u043a\u0430\u043a \u043b\u044f\u0433\u0443\u0448\u043a\u0430.<\/p>\n\n\n\n<p>\u092e\u0939\u093e\u092d\u093e\u0917\u0947\u0928 \u0930\u093e\u092e\u0947\u0923 \u092a\u093e\u092a\u0903 \u0915\u0930\u0941\u0923\u0935\u0947\u0926\u093f\u0928\u093e \u0964<br>\u0939\u0930\u0940\u0923\u093e\u0902 \u092a\u094d\u0930\u093e\u092a\u093f\u0924\u094b \u0930\u093e\u091c\u094d\u092f\u0902 \u0924\u094d\u0935\u0902 \u0926\u0941\u0930\u093e\u0924\u094d\u092e\u093e \u092e\u0939\u093e\u0924\u094d\u092e\u0928\u093e \u0965\u0967\u096c\u0965<br>mah\u0101bh\u0101gena r\u0101me\u1e47a p\u0101pa\u1e25 karu\u1e47avedin\u0101<br>har\u012b\u1e47\u0101\u1e43 pr\u0101pito r\u0101jya\u1e43 tva\u1e43 dur\u0101tm\u0101 mah\u0101tman\u0101<br>\u0412\u044b\u0434\u0430\u044e\u0449\u0438\u043c\u0441\u044f \u0420\u0430\u043c\u043e\u0439, \u043c\u0438\u043b\u043e\u0441\u0435\u0440\u0434\u043d\u044b\u043c, \u041c\u0430\u0445\u0430\u0442\u043c\u043e\u0439 \u0422\u044b, \u043f\u043e\u0434\u043b\u044b\u0439, \u0433\u0440\u0435\u0448\u043d\u044b\u0439, \u0446\u0430\u0440\u0441\u0442\u0432\u043e \u043e\u0431\u0435\u0437\u044c\u044f\u043d \u043f\u043e\u043b\u0443\u0447\u0438\u043b.<\/p>\n\n\n\n<p>\u0915\u0943\u0924\u0902 \u091a\u0947\u0928\u094d\u0928\u093e\u092d\u093f\u091c\u093e\u0928\u0940\u0937\u0947 \u0930\u093e\u092e\u0938\u094d\u092f\u093e\u0915\u094d\u0932\u093f\u0937\u094d\u091f\u0915\u0930\u094d\u092e\u0923\u0903 \u0964<br>\u0938\u0926\u094d\u092f\u0938\u094d\u0924\u094d\u0935\u0902 \u0928\u093f\u0936\u093f\u0924\u0948\u0930\u094d\u092c\u093e\u0923\u0948\u0930\u094d\u0939\u0924\u094b \u0926\u094d\u0930\u0915\u094d\u0937\u094d\u092f\u0938\u093f \u0935\u093e\u0932\u093f\u0928\u092e\u094d \u0965\u0967\u096d\u0965<br>k\u1e5bta\u1e43 cenn\u0101bhij\u0101n\u012b\u1e63e r\u0101masy\u0101kli\u1e63\u1e6dakarma\u1e47a\u1e25<br>sadyastva\u1e43 ni\u015bitairb\u0101\u1e47airhato drak\u1e63yasi v\u0101linam<br>\u0415\u0441\u043b\u0438 \u043d\u0435 \u043f\u0440\u0438\u0437\u043d\u0430\u0435\u0448\u044c \u0441\u0434\u0435\u043b\u0430\u043d\u043d\u043e\u0433\u043e \u0420\u0430\u043c\u043e\u0439, \u043d\u0435\u0443\u0442\u043e\u043c\u0438\u043c\u044b\u043c \u0432 \u0434\u0435\u0439\u0441\u0442\u0432\u0438\u0438, \u0442\u043e\u0442\u0447\u0430\u0441 \u0442\u044b, \u043e\u0441\u0442\u0440\u044b\u043c\u0438 \u0441\u0442\u0440\u0435\u043b\u0430\u043c\u0438 \u0443\u0431\u0438\u0442\u044b\u0439, \u0443\u0432\u0438\u0434\u0438\u0448\u044c \u0412\u0430\u043b\u0438.<\/p>\n\n\n\n<p>\u0928 \u091a \u0938\u0919\u094d\u0915\u0941\u091a\u093f\u0924\u0903 \u092a\u0928\u094d\u0925\u093e \u092f\u0947\u0928 \u0935\u093e\u0932\u0940 \u0939\u0924\u094b \u0917\u0924\u0903 \u0964<br>\u0938\u092e\u092f\u0947 \u0924\u093f\u0937\u094d\u0920 \u0938\u0941\u0917\u094d\u0930\u0940\u0935 \u092e\u093e \u0935\u093e\u0932\u093f\u092a\u0925\u092e\u0928\u094d\u0935\u0917\u093e\u0903 \u0965\u0967\u096e\u0965<br>na ca sa\u1e45kucita\u1e25 panth\u0101 yena v\u0101l\u012b hato gata\u1e25<br>samaye ti\u1e63\u1e6dha sugr\u012bva m\u0101 v\u0101lipathamanvag\u0101\u1e25<br>\u0418 \u043d\u0435 \u0437\u0430\u043a\u0440\u044b\u0442 \u043f\u0443\u0442\u044c, \u043a\u043e\u0442\u043e\u0440\u044b\u043c \u0448\u0451\u043b \u0412\u0430\u043b\u0438. \u041d\u0435 \u0441\u043b\u0435\u0434\u0443\u0439 \u043f\u043e \u043f\u0443\u0442\u0438 \u0412\u0430\u043b\u0438.<\/p>\n\n\n\n<p>\u0928 \u0928\u0942\u0928\u092e\u093f\u0915\u094d\u0937\u094d\u0935\u093e\u0915\u0941\u0935\u0930\u0938\u094d\u092f \u0915\u093e\u0930\u094d\u092e\u0941\u0915\u093e\u091a\u094d\u091a\u094d\u092f\u0941\u0924\u093e\u091e\u094d\u0936\u0930\u093e\u0928\u094d\u092a\u0936\u094d\u092f\u0938\u093f \u0935\u091c\u094d\u0930\u0938\u0902\u0928\u093f\u092d\u093e\u0928\u094d \u0964<br>\u0924\u0924\u0903 \u0938\u0941\u0916\u0902 \u0928\u093e\u092e \u0928\u093f\u0937\u0947\u0935\u0938\u0947 \u0938\u0941\u0916\u0940 \u0928 \u0930\u093e\u092e\u0915\u093e\u0930\u094d\u092f\u0902 \u092e\u0928\u0938\u093e\u092a\u094d\u092f\u0935\u0947\u0915\u094d\u0937\u0938\u0947 \u0965\u0967\u096f\u0965<br>na n\u016bnamik\u1e63v\u0101kuvarasya k\u0101rmuk\u0101ccyut\u0101\u00f1\u015bar\u0101npa\u015byasi vajrasa\u1e43nibh\u0101n <br>tata\u1e25 sukha\u1e43 n\u0101ma ni\u1e63evase sukh\u012b na r\u0101mak\u0101rya\u1e43 manas\u0101pyavek\u1e63ase<br>\u0422\u0435\u043f\u0435\u0440\u044c \u0438\u0437 \u043b\u0443\u043a\u0430 \u043b\u0443\u0447\u0448\u0435\u0433\u043e \u0438\u0437 \u0440\u043e\u0434\u0430 \u0418\u043a\u0448\u0432\u0430\u043a\u0443 \u0432\u044b\u043f\u0443\u0449\u0435\u043d\u043d\u044b\u0435 \u0441\u0442\u0440\u0435\u043b\u044b, \u043c\u043e\u043b\u043d\u0438\u0438 \u043f\u043e\u0434\u043e\u0431\u043d\u044b\u0435, \u0442\u044b \u043d\u0435 \u0432\u0438\u0434\u0438\u0448\u044c, \u043e\u0442 \u044d\u0442\u043e\u0433\u043e \u043f\u0440\u0435\u0431\u044b\u0432\u0430\u0435\u0448\u044c \u0441\u0447\u0430\u0441\u0442\u043b\u0438\u0432\u044b\u0439 \u0432 \u0441\u0447\u0430\u0441\u0442\u044c\u0435, \u0434\u0430\u0436\u0435 \u0432 \u043c\u044b\u0441\u043b\u044f\u0445 \u043d\u0435 \u0434\u0443\u043c\u0430\u0435\u0448\u044c \u043e \u0434\u0435\u043b\u0435 \u0420\u0430\u043c\u044b\u201d.<\/p>\n","protected":false},"excerpt":{"rendered":"<p>\u0965 \u0935\u093e\u0932\u094d\u092e\u0940\u0915\u093f \u0930\u093e\u092e\u093e\u092f\u0923 \u2013 \u0915\u093f\u0937\u094d\u0915\u093f\u0928\u094d\u0927\u093e\u0915\u093e\u0923\u094d\u0921 \u0965\u0965 v\u0101lm\u012bki r\u0101m\u0101ya\u1e47a \u2013 ki\u1e63kindh\u0101k\u0101\u1e47\u1e0da \u0965 \u0965 \u0938\u0930\u094d\u0917-\u0969\u0969\u0965\u0965 sarga-33\u0965 \u041f\u0435\u0440\u0435\u0432\u043e\u0434 \u0441 \u0441\u0430\u043d\u0441\u043a\u0440\u0438\u0442\u0430: \u0410\u043d\u043d\u0430 \u0423\u0441\u0442\u044e\u0433\u043e\u0432\u0430 \u0924\u092e\u092a\u094d\u0930\u0924\u093f\u0939\u0924\u0902&hellip;<\/p>\n","protected":false},"author":1,"featured_media":0,"parent":0,"menu_order":0,"comment_status":"closed","ping_status":"closed","template":"","meta":{"footnotes":""},"class_list":["post-1159","page","type-page","status-publish","hentry"],"_links":{"self":[{"href":"https:\/\/rama-ayana.ru\/index.php?rest_route=\/wp\/v2\/pages\/1159","targetHints":{"allow":["GET"]}}],"collection":[{"href":"https:\/\/rama-ayana.ru\/index.php?rest_route=\/wp\/v2\/pages"}],"about":[{"href":"https:\/\/rama-ayana.ru\/index.php?rest_route=\/wp\/v2\/types\/page"}],"author":[{"embeddable":true,"href":"https:\/\/rama-ayana.ru\/index.php?rest_route=\/wp\/v2\/users\/1"}],"replies":[{"embeddable":true,"href":"https:\/\/rama-ayana.ru\/index.php?rest_route=%2Fwp%2Fv2%2Fcomments&post=1159"}],"version-history":[{"count":16,"href":"https:\/\/rama-ayana.ru\/index.php?rest_route=\/wp\/v2\/pages\/1159\/revisions"}],"predecessor-version":[{"id":1197,"href":"https:\/\/rama-ayana.ru\/index.php?rest_route=\/wp\/v2\/pages\/1159\/revisions\/1197"}],"wp:attachment":[{"href":"https:\/\/rama-ayana.ru\/index.php?rest_route=%2Fwp%2Fv2%2Fmedia&parent=1159"}],"curies":[{"name":"wp","href":"https:\/\/api.w.org\/{rel}","templated":true}]}}